 -2*d, -493905 = -5*d - 5*f - 143940. Is d a prime number?
True
Suppose k + 11*k = -2*k. Suppose 2*y - 4 = k, -n - 4*n = 2*y - 19. Is 3 + (-7)/n - 21837/(-9) a prime number?
False
Let t(z) = 1881*z**2 - 14*z + 229. Is t(16) a prime number?
False
Let k(j) = 258*j**2 - j - 2. Suppose s + s - 8 = 0. Suppose s*u + 12 = 24. Is k(u) a prime number?
False
Suppose 5*a = -4*m - 3540, -4*m + 0*a - 3540 = -5*a. Let y = m + 1576. Is y a prime number?
True
Suppose -11*x - 86*x = 12*x - 8933749. Is x a composite number?
True
Suppose -5758 = -f + 2774. Suppose -5*p + 21337 = 4*j, 2*p + 2*j + j = f. Is p a composite number?
True
Suppose -477*i + 479*i - 14374 = 0. Suppose -n - 32*l + i = -37*l, 5*n - 35881 = -2*l. Is n a composite number?
False
Let a = -36 + 36. Suppose 3*k = -2*f - 356, a*k = 3*k - 3*f + 336. Is 2*166/(((-48)/k)/3) a prime number?
False
Let l(r) = 216*r**2 + 14*r + 197. Is l(-84) a composite number?
False
Let m(b) = b - 2 + 5 + 3 - 12. Let f be m(10). Suppose 3*k - 752 = 5*d, 4*k - f*d = 791 + 217. Is k a composite number?
True
Let j(b) = 9*b**3 - 53*b**2 - 27*b + 43. Let k be j(17). Suppose 3*f + f - k = 4*y, -4*f + y = -28472. Is f a composite number?
True
Suppose -34*s = -39*s + 20. Suppose -f + 1131 = 2*p, s*f + 2*p = 2*f + 2254. Is f a composite number?
False
Let u(v) = 178*v + 2. Suppose -27 = 3*j - 12. Let m be u(j). Let h = m - -2173. Is h prime?
False
Suppose -w - 3*m + 26 = 2, -3*w = -5*m - 16. Let j be 7 + (-1)/(-2) + 242/(-44). Is 673/j - w/(-24) prime?
True
Is (-1)/(-2)*4 - (3 - 7) - -213037 a composite number?
False
Let c be -4 - ((-884562)/(-7))/6. Let v = c - -35928. Is v a prime number?
False
Suppose 7*a + 2352 = 11*a. Let r = -954 + a. Let l = r - -515. Is l a composite number?
False
Suppose -134*o = -273*o + 117*o - 22. Let k(y) = -y**2 + 2*y. Let n be k(3). Is (o - -498 - n) + 5 + -3 a composite number?
True
Let x = -263 + 265. Is (-365 - x)*91/(-13) a prime number?
False
Let c(q) be the second derivative of q**6/120 - q**5/60 - q**4/4 - q**3/2 + 11*q**2/2 - 4*q. Let f(u) be the first derivative of c(u). Is f(5) composite?
False
Let a = -15 + 17. Suppose a*t + 5*u = 7, 5*u + 1 = -4*t - 0. Is 832 - (t - -3 - 2) prime?
False
Suppose -5*n + 2125177 = -4*c, -60*n = -57*n - 3*c - 1275108. Is n composite?
True
Suppose -13*m - 82 = -11*m. Let i = 43 + m. Is (544/(-10) + i)*35/(-14) prime?
True
Is (-15)/(-50) + ((-111576389)/(-170) - -15) composite?
False
Let p(k) = 10*k**2 + k. Let c(y) = 17*y**2 - 17*y - 25. Let r(m) = c(m) + p(m). Let l(q) = -q**2 - 5*q + 8. Let w be l(-7). Is r(w) composite?
True
Suppose 17*p = 12*p + 20. Is p/34 - 53512/(-34) composite?
True
Let u(j) = 0*j + 9*j + 588*j**3 + 7*j - 2*j**2 - 1 - 11*j + 3*j. Is u(2) composite?
True
Let i = 399322 - -11827. Is i a composite number?
True
Let y(l) = l**2 + 18*l + 8. Let n be y(-8). Let x = 87 + n. Suppose -x*a = -17*a + 1042. Is a prime?
True
Let u(x) = 1919*x - 63. Let v(r) = 1922*r - 65. Let p(j) = 6*u(j) - 5*v(j). Is p(6) composite?
True
Let j = 362343 + -206134. Is j composite?
True
Suppose -4*h + 41847 = 3*g, -3*h - 18565 = -g - 4629. Is g a prime number?
False
Let i(d) = -d**3 - 13*d**2 + d + 16. Let r be i(-13). Let a(v) = 34 + 14*v + r*v + 13*v + 8*v**2 - 22*v. Is a(10) prime?
False
Let u(y) = -29*y**2 - 3*y + 67. Let m(k) = 28*k**2 + 2*k - 66. Let q(j) = -6*m(j) - 7*u(j). Is q(-22) a prime number?
False
Is ((-8)/10)/(28/(-6696865)) prime?
True
Let s = -166 + 168. Suppose 4*h - h - 9033 = -d, 0 = s*h + 5*d - 6022. Is h a prime number?
True
Let w(r) = 51*r**3 + 2*r**2 - 2. Let v(z) = -101*z**3 - 5*z**2 + z + 4. Let c(g) = 2*v(g) + 5*w(g). Let b be c(1). Suppose 25 = 2*x - b. Is x prime?
False
Suppose 2*t - 3651 + 1181 = -2*w, -t = 3*w - 3703. Suppose 5*c + 6 = 4*v - 18, -3*c = 4*v - 24. Is w/v - (51/9 - 5) a prime number?
False
Suppose 57*f = 63*f - 12672. Let s = 3103 - f. Is s prime?
True
Let b(k) = -k**2 - 26*k - 45. Let f be b(-24). Let x = 0 - -2. Suppose -673 = -z - f*v, x*z - 2019 = -z + v. Is z prime?
True
Let l = 528 - 524. Suppose -24480 = -l*i + t + t, 12252 = 2*i + 5*t. Is i a composite number?
False
Suppose -i = -p + 119706 + 61536, 4*p - 5*i = 724969. Is p a composite number?
True
Suppose -653132 = -37*o + 6471630 + 2432745. Is o a composite number?
True
Let z(s) = 158*s**3 - 5*s**2 + 13*s + 21. Is z(5) composite?
True
Let o(u) = 5*u - 15. Let a be o(3). Suppose -5*h + 19 = -2*t, 2*h - t - 7 = -a*t. Suppose -m + 3157 = 5*c, 2*c - 4*c - h*m + 1272 = 0. Is c a prime number?
True
Suppose -2*d = d + 3, -3*t - 118 = -2*d. Let c = 37 + t. Is 3880/6 + (6 - (-17)/c) prime?
True
Suppose 28*l - 854684 = 142592. Is l a composite number?
False
Let y be 0 - (-14)/(-35) - 28/5. Let d(i) = -1267*i + 5. Is d(y) prime?
True
Let l = -108701 + 240984. Is l a prime number?
True
Let b = -175368 - -302189. Is b composite?
True
Let y = -221 + 231. Suppose -3*j = 2*z - 51955, -y*z + 2 = -9*z. Is j composite?
False
Let f be 6/4 - (-357)/(-6). Suppose k + 82 = -4*v - 239, 0 = -3*v. Let c = f - k. Is c prime?
True
Let d(f) = -f**3 + 2*f**2 + 609*f - 9. Is d(-59) composite?
False
Suppose 0 = -3*b - n - 8, -2*n - 11 = 5*b + 2*n. Let w be (5/b)/(1/(-3)). Suppose -w*h + 4*f + 55 = -f, -3*h + 5 = 4*f. Is h prime?
True
Let m(f) = -f**3 - 6*f**2 - 3*f - 18. Let c be m(-6). Suppose -4*a + 5569 + 9471 = c. Suppose 2*u = -4*b + u + 2991, -3*u = -5*b + a. Is b a composite number?
True
Let g(c) = 5*c**3 + c. Let b = -56 - -57. Let j be g(b). Suppose 0 = -5*r - 2*x + 641, -4*r + x - j*x + 523 = 0. Is r a prime number?
True
Is 12/(3 - -81) - 776196/(-42) a composite number?
False
Let h(w) = -3*w - 17. Let d be h(-9). Let j = d + -7. Suppose q = -j*u + 1894, 0 = -5*u - 4*q + 6*q + 3153. Is u prime?
True
Let t(l) be the first derivative of l**7/420 - l**6/180 + l**5/15 + 3*l**4/8 - 4*l**3 - 4. Let r(y) be the third derivative of t(y). Is r(7) composite?
False
Suppose 2*w + n - 225 = -2*w, -3*w + 160 = -n. Let o = -53 + w. Let d(g) = 12*g**2 + 7*g - 9. Is d(o) composite?
False
Let m be (-2 - 36/(-15))/(5/(-20775)). Let h = 4317 - m. Is h prime?
False
Let x = 1057374 - 727181. Is x a prime number?
False
Let q(p) = -3137*p**3 - p**2 - 2*p - 1. Let a be q(-1). Suppose -2*u + 10307 = 2*z + a, -14372 = -4*u + 4*z. Is u composite?
True
Is 328/(-24) + 14 - (63951/(-9) - -3) a composite number?
False
Suppose -111*s + 100 = -106*s. Suppose u + 4*u = s. Is u + 8/(-2) - 1*-89 a prime number?
True
Suppose 0*y - 2 = -n - 3*y, 4*n - y - 60 = 0. Let i = -14813 + 14816. Is i/(-7) - (-132)/n prime?
False
Suppose 8 = 59*c - 58*c. Suppose 5 = -3*p - 1, -c = -4*m - 2*p. Suppose 2*o = -m*l - 2*o + 25709, -3*l = -2*o - 25679. Is l prime?
True
Let n be 6/(-3 + 1)*303. Let v = 1774 + n. Is v a prime number?
False
Let c be (33 + -354202)/(1/2) + -6. Is (c/6)/(-7) + (-6)/18 a composite number?
True
Suppose 0 = 11*f - 6*f - 5*c - 76790, -4*f + 61462 = 2*c. Suppose 774 = -9*x + f. Is x a composite number?
False
Let r(p) = p**3 - 6*p**2 + 2*p - 9. Let a be r(6). Let n(j) = j**3 - 18*j**2 + 47*j + 126. Let z be n(14). Suppose 1609 = g + a*x, x - 1 + 5 = z. Is g prime?
True
Let v(g) = 11*g**3 + 2*g**2 - 11*g - 159. Is v(23) a prime number?
False
Let c(r) = 1116*r**3 - r**2 + 2*r - 9. Let u be c(4). Suppose -53*i + u = 5*z - 54*i, 0 = 3*z + 5*i - 42833. Is z a composite number?
False
Suppose -20*i - 75002 = 43465 - 944987. Is i a composite number?
True
Let s(k) = -k**3 + 3*k**2 - 6*k + 7. Let r be s(2). Let p be (r + 2)/((-9)/(-27)). Suppose -1014 = -p*v + 2*l + l, 3*v - l = 1016. Is v a prime number?
False
Let c(w) = -108*w**3 - 12*w**2 + 57*w + 755. Is c(-14) a prime number?
True
Let f = 162 - 162. Let q(p) = -29*p + 7111. Is q(f) a composite number?
True
Let j(t) = -25*t**3 + t**2 + 4*t + 5. Let u be j(-1). Suppose u*o = 44*o - 89437. Is o a prime number?
True
Let l be 5 - 0/((-12)/3). Suppose z = -l*z + 714. Suppose -2*m - 3*m - z = -n, 2*m - 178 = -2*n. Is n prime?
False
Suppose -292083 = -3*c + 3*w, 778912 = -15*c + 23*c - 4*w. Is c prime?
True
Suppose -8*u - 9*u + 221 = 0. Suppose -3 = -p - k, 0*p - k = -3*p + u. Suppose -2*r - p*o + 2194 = 0, 3*o - 363 = -3*r + 2913. Is r composite?
False
Suppose 0 = 5*b + 5*q - 852410, 28*b + 2*q = 25*b + 511447. Is b prime?
True
Let g = -210 - -254. Is -82*-2*(g/8)/11 p